?
283
Calculate the greatest common divisor of 13197 and 26659.
53
What is the highest common divisor of 100 and 2820?
20
What is the greatest common factor of 129 and 254517?
129
What is the highest common factor of 1463 and 25949?
77
Calculate the highest common divisor of 930 and 43470.
30
Calculate the greatest common divisor of 3245 and 913792.
649
Calculate the highest common factor of 355 and 9017.
71
What is the highest common factor of 123288 and 1496?
88
Calculate the highest common factor of 7473883 and 62.
31
Calculate the highest common factor of 6867 and 99.
9
What is the highest common divisor of 27 and 3096225?
27
What is the greatest common factor of 500 and 13900?
100
Calculate the greatest common factor of 20 and 49408.
4
What is the highest common factor of 287 and 886871?
41
What is the highest common divisor of 1848 and 351978?
66
What is the highest common factor of 21970 and 2366?
338
What is the highest common factor of 11730 and 795?
15
Calculate the greatest common factor of 85 and 6187388.
17
Calculate the highest common factor of 3630 and 13530.
330
Calculate the highest common divisor of 14237 and 2300.
23
What is the greatest common divisor of 10088 and 65?
13
Calculate the highest common factor of 4669 and 5858.
29
Calculate the greatest common factor of 174 and 56463.
87
Calculate the highest common divisor of 90 and 1970.
10
Calculate the greatest common divisor of 2110 and 37558.
422
Calculate the greatest common divisor of 336 and 161952.
336
What is the highest common divisor of 33 and 931227?
33
Calculate the greatest common factor of 3 and 2138.
1
What is the greatest common factor of 17945 and 10?
5
Calculate the highest common factor of 16 and 774376.
8
Calculate the greatest common divisor of 5060785 and 745.
745
Calculate the highest common factor of 1691 and 7921.
89
Calculate the highest common divisor of 29 and 1046059.
29
What is the greatest common divisor of 304 and 1907696?
16
Calculate the highest common divisor of 196666 and 214.
214
Calculate the greatest common divisor of 2206 and 713641.
1103
What is the greatest common divisor of 12672 and 1920?
384
What is the greatest common divisor of 234 and 428558?
26
Calculate the highest common divisor of 36 and 14892.
12
What is the greatest common factor of 2960 and 75200?
80
What is the greatest common divisor of 32786 and 845?
169
What is the greatest common divisor of 1394 and 2050?
82
Calculate the highest common factor of 35 and 214235.
35
What is the highest common divisor of 273 and 57708?
21
What is the greatest common factor of 15570 and 405?
45
Calculate the highest common divisor of 13 and 141583.
13
Calculate the greatest common divisor of 42746 and 10208.
638
What is the highest common factor of 65949 and 19?
19
Calculate the highest common factor of 6696 and 465248.
248
What is the highest common divisor of 64 and 14147008?
64
Calculate the highest common divisor of 418992 and 1508.
116
Calculate the highest common divisor of 3998228 and 598.
598
What is the greatest common factor of 225 and 1225?
25
What is the greatest common divisor of 4560907 and 316?
79
What is the greatest common factor of 519390 and 1015?
145
What is the highest common divisor of 568 and 7414388?
284
What is the greatest common divisor of 1694688 and 912?
48
What is the greatest common factor of 1449165 and 45?
15
What is the greatest common divisor of 11045 and 85?
5
What is the highest common factor of 2741334 and 12?
6
What is the greatest common factor of 209 and 539?
11
What is the highest common factor of 32 and 4248?
8
Calculate the greatest common factor of 440 and 242.
22
What is the greatest common factor of 2 and 15776?
2
What is the highest common factor of 40 and 74540?
20
What is the highest common divisor of 1426 and 72602?
62
Calculate the highest common divisor of 679763 and 20713.
1883
Calculate the greatest common factor of 19 and 1333553.
19
Calculate the highest common factor of 9 and 2619.
9
Calculate the highest common factor of 58807 and 1736.
217
Calculate the greatest common factor of 65980 and 80.
20
Calculate the greatest common divisor of 1380618 and 777.
111
Calculate the highest common divisor of 33 and 903.
3
Calculate the greatest common divisor of 25 and 24020.
5
Calculate the greatest common divisor of 88 and 6178.
2
What is the greatest common divisor of 16541 and 278?
139
What is the highest common divisor of 9606 and 114?
6
What is the highest common factor of 726769 and 2204?
551
What is the highest common divisor of 490735 and 35?
35
What is the greatest common divisor of 4023 and 97148?
149
Calculate the greatest common factor of 6237 and 77.
77
Calculate the greatest common factor of 25833 and 553.
79
Calculate the highest common factor of 3448 and 296.
8
What is the highest common divisor of 30895 and 4625?
185
What is the greatest common factor of 25023 and 171?
57
What is the greatest common factor of 3948 and 2016?
84
What is the highest common divisor of 22098 and 4350?
174
What is the highest common divisor of 12 and 519252?
12
Calculate the highest common factor of 6935460 and 1960.
980
What is the greatest common divisor of 1785 and 1445?
85
What is the highest common factor of 94406 and 494?
26
What is the highest common divisor of 1628 and 116032?
148
What is the highest common factor of 31 and 38223?
31
Calculate the highest common divisor of 16923 and 9.
3
What is the greatest common factor of 1300 and 2700?
100
What is the highest common divisor of 146 and 1610599?
73
Calculate the greatest common divisor of 28 and 649.
1
Calculate the greatest common divisor of 98941 and 326.
163
Calculate the greatest common factor of 231933 and 12597.
741
Calculate the highest common divisor of 391514 and 912.
38
What is the highest common divisor of 2976 and 352?
32
Calculate the greatest common factor of 102 and 29206.
34
What is the greatest common divisor of 25350 and 3003?
39
What is the greatest common factor of 288305 and 4905?
545
Calculate the highest common divisor of 1023 and 453.
3
What is the greatest common divisor of 4068 and 4512?
12
What is the greatest common divisor of 3395 and 56745?
485
What is the highest common divisor of 416 and 11264?
32
What is the greatest common divisor of 55719 and 82?
41
Calculate the greatest common divisor of 3696 and 5104.
176
Calculate the highest common factor of 361452 and 630.
42
What is the greatest common factor of 162 and 4346?
2
What is the highest common divisor of 54509 and 63?
7
What is the greatest common divisor of 236 and 3634636?
236
What is the greatest common factor of 3497 and 13?
13
Calculate the greatest common factor of 60 and 56265.
15
Calculate the highest common divisor of 23 and 31.
1
Calculate the highest common factor of 56 and 2323432.
8
What is the greatest common factor of 8028 and 540?
36
What is the highest common divisor of 1030 and 132355?
515
What is the greatest common divisor of 9434 and 848?
106
What is the highest common divisor of 3423 and 307092?
489
What is the greatest common divisor of 63 and 7770?
21
What is the greatest common factor of 2028 and 1911?
39
Calculate the highest common factor of 615814 and 8.
2
Calculate the highest common divisor of 1666 and 860489.
833
Calculate the greatest common divisor of 951154 and 346.
346
Calculate the highest common divisor of 29120 and 9280.
320
What is the highest common divisor of 1197130 and 110?
110
What is the greatest common factor of 25634 and 378?
14
Calculate the highest common divisor of 106 and 18.
2
What is the greatest common divisor of 6713 and 411?
137
Calculate the greatest common divisor of 2 and 113272.
2
What is the highest common factor of 48800 and 3600?
400
What is the greatest common factor of 1414 and 12928?
202
What is the greatest common divisor of 14670 and 270?
90
What is the highest common divisor of 79643 and 73?
73
Calculate the greatest common divisor of 564 and 636756.
564
Calculate the greatest common divisor of 1017 and 2007.
9
Calculate the highest common factor of 1368 and 28386.
342
Calculate the greatest common divisor of 419452 and 220.
44
Calculate the greatest common divisor of 22231 and 14663.
473
Calculate the highest common factor of 